{"id":929,"date":"2025-07-31T20:23:51","date_gmt":"2025-07-31T18:23:51","guid":{"rendered":"https:\/\/www.wrinkle-pei.cz\/?page_id=929"},"modified":"2025-08-05T00:07:15","modified_gmt":"2025-08-04T22:07:15","slug":"cassie-wrinklepei","status":"publish","type":"page","link":"https:\/\/www.wrinkle-pei.cz\/?page_id=929","title":{"rendered":"CASSIE Wrinkle Pei"},"content":{"rendered":"\t\t<div data-elementor-type=\"wp-page\" data-elementor-id=\"929\" class=\"elementor elementor-929\">\n\t\t\t\t\t\t<section class=\"elementor-section elementor-top-section elementor-element elementor-element-e18582f elementor-section-boxed elementor-section-height-default elementor-section-height-default\" data-id=\"e18582f\" data-element_type=\"section\" data-e-type=\"section\">\n\t\t\t\t\t\t<div class=\"elementor-container elementor-column-gap-default\">\n\t\t\t\t\t<div class=\"elementor-column elementor-col-100 elementor-top-column elementor-element elementor-element-fec708d\" data-id=\"fec708d\" data-element_type=\"column\" data-e-type=\"column\">\n\t\t\t<div class=\"elementor-widget-wrap elementor-element-populated\">\n\t\t\t\t\t\t<div class=\"elementor-element elementor-element-1065b4c elementor-widget elementor-widget-image\" data-id=\"1065b4c\" data-element_type=\"widget\" data-e-type=\"widget\" data-widget_type=\"image.default\">\n\t\t\t\t<div class=\"elementor-widget-container\">\n\t\t\t\t\t\t\t\t\t\t\t\t\t\t\t<img fetchpriority=\"high\" decoding=\"async\" width=\"640\" height=\"640\" src=\"https:\/\/www.wrinkle-pei.cz\/wp-content\/uploads\/2025\/07\/Cassie-1024x1024.jpg\" class=\"attachment-large size-large wp-image-936\" alt=\"\" srcset=\"https:\/\/www.wrinkle-pei.cz\/wp-content\/uploads\/2025\/07\/Cassie-1024x1024.jpg 1024w, https:\/\/www.wrinkle-pei.cz\/wp-content\/uploads\/2025\/07\/Cassie-300x300.jpg 300w, https:\/\/www.wrinkle-pei.cz\/wp-content\/uploads\/2025\/07\/Cassie-150x150.jpg 150w, https:\/\/www.wrinkle-pei.cz\/wp-content\/uploads\/2025\/07\/Cassie-768x768.jpg 768w, https:\/\/www.wrinkle-pei.cz\/wp-content\/uploads\/2025\/07\/Cassie-400x400.jpg 400w\" sizes=\"(max-width: 640px) 100vw, 640px\" \/>\t\t\t\t\t\t\t\t\t\t\t\t\t\t\t<\/div>\n\t\t\t\t<\/div>\n\t\t\t\t\t<\/div>\n\t\t<\/div>\n\t\t\t\t\t<\/div>\n\t\t<\/section>\n\t\t\t\t<section class=\"elementor-section elementor-top-section elementor-element elementor-element-af21e3a elementor-section-boxed elementor-section-height-default elementor-section-height-default\" data-id=\"af21e3a\" data-element_type=\"section\" data-e-type=\"section\">\n\t\t\t\t\t\t<div class=\"elementor-container elementor-column-gap-default\">\n\t\t\t\t\t<div class=\"elementor-column elementor-col-100 elementor-top-column elementor-element elementor-element-a2cceb1\" data-id=\"a2cceb1\" data-element_type=\"column\" data-e-type=\"column\">\n\t\t\t<div class=\"elementor-widget-wrap elementor-element-populated\">\n\t\t\t\t\t\t<div class=\"elementor-element elementor-element-faab20c elementor-widget elementor-widget-text-editor\" data-id=\"faab20c\" data-element_type=\"widget\" data-e-type=\"widget\" data-widget_type=\"text-editor.default\">\n\t\t\t\t<div class=\"elementor-widget-container\">\n\t\t\t\t\t\t\t\t\t<h5 style=\"color: #333333;\">narozena 5.11.2021,<\/h5><h5 style=\"color: #333333;\">v\u00fd\u0161ka 50 cm,\u00a0v\u00e1ha 24\u00a0kg,<\/h5><h5 style=\"color: #333333;\">kod mikro\u010dipu\u00a0__________,<\/h5><h5 style=\"color: #333333;\">barva: crema brush coat<\/h5><h5 style=\"color: #333333;\">barva o\u010d\u00ed: sv\u011btle zelen\u00e1<\/h5><p style=\"color: #333333; font-family: 'Varela Round', Helvetica, Arial, sans-serif;\"><a href=\"http:\/\/shar-pei.snadno.eu\/\">CHS Wrinklepei Kennel<\/a><\/p><p style=\"color: #333333; font-family: 'Varela Round', Helvetica, Arial, sans-serif;\">Zdravotn\u00ed stav: Fenka je zdravotn\u011b v perfektn\u00ed kondici. Zdrav\u00e9 zuby, u\u0161i i o\u010di bezprobl\u00e9mov\u00e9.<\/p><p style=\"color: #333333; font-family: 'Varela Round', Helvetica, Arial, sans-serif;\">Typ:\u00a0T\u011blo hezky v\u00fdv\u00e1\u017een\u00e9. Hlava kulata, propor\u010dn\u011b adekv\u00e1tn\u00ed.<\/p><p style=\"color: #333333; font-family: 'Varela Round', Helvetica, Arial, sans-serif;\">Povaha: Povahov\u011b je velmi mil\u00e1 a aktivn\u00ed. Jde o p\u0159\u00edtelskou, veselou a starostlivou fenku. M\u00e1 velmi r\u00e1da d\u011bti a \u0161t\u011b\u0148ata. Kamar\u00e1dsk\u00e1 a dob\u0159e socializovan\u00e1 i s ostatn\u00edmi plemeny (men\u0161\u00ed\/v\u011bt\u0161\u00ed).<\/p>\t\t\t\t\t\t\t\t<\/div>\n\t\t\t\t<\/div>\n\t\t\t\t\t<\/div>\n\t\t<\/div>\n\t\t\t\t\t<\/div>\n\t\t<\/section>\n\t\t\t\t<\/div>\n\t\t","protected":false},"excerpt":{"rendered":"<p>narozena 5.11.2021, v\u00fd\u0161ka 50 cm,\u00a0v\u00e1ha 24\u00a0kg, kod mikro\u010dipu\u00a0__________, barva: crema brush coat barva o\u010d\u00ed: sv\u011btle zelen\u00e1 CHS Wrinklepei Kennel Zdravotn\u00ed stav: Fenka je zdravotn\u011b v perfektn\u00ed kondici. Zdrav\u00e9 zuby, u\u0161i i o\u010di bezprobl\u00e9mov\u00e9. Typ:\u00a0T\u011blo hezky v\u00fdv\u00e1\u017een\u00e9. Hlava kulata, propor\u010dn\u011b adekv\u00e1tn\u00ed. Povaha: Povahov\u011b je velmi mil\u00e1 a aktivn\u00ed. Jde o p\u0159\u00edtelskou, veselou a starostlivou fenku. M\u00e1 [&hellip;]<\/p>\n","protected":false},"author":1,"featured_media":0,"parent":81,"menu_order":0,"comment_status":"closed","ping_status":"closed","template":"","meta":{"footnotes":""},"class_list":["post-929","page","type-page","status-publish","hentry"],"_links":{"self":[{"href":"https:\/\/www.wrinkle-pei.cz\/index.php?rest_route=\/wp\/v2\/pages\/929","targetHints":{"allow":["GET"]}}],"collection":[{"href":"https:\/\/www.wrinkle-pei.cz\/index.php?rest_route=\/wp\/v2\/pages"}],"about":[{"href":"https:\/\/www.wrinkle-pei.cz\/index.php?rest_route=\/wp\/v2\/types\/page"}],"author":[{"embeddable":true,"href":"https:\/\/www.wrinkle-pei.cz\/index.php?rest_route=\/wp\/v2\/users\/1"}],"replies":[{"embeddable":true,"href":"https:\/\/www.wrinkle-pei.cz\/index.php?rest_route=%2Fwp%2Fv2%2Fcomments&post=929"}],"version-history":[{"count":5,"href":"https:\/\/www.wrinkle-pei.cz\/index.php?rest_route=\/wp\/v2\/pages\/929\/revisions"}],"predecessor-version":[{"id":986,"href":"https:\/\/www.wrinkle-pei.cz\/index.php?rest_route=\/wp\/v2\/pages\/929\/revisions\/986"}],"up":[{"embeddable":true,"href":"https:\/\/www.wrinkle-pei.cz\/index.php?rest_route=\/wp\/v2\/pages\/81"}],"wp:attachment":[{"href":"https:\/\/www.wrinkle-pei.cz\/index.php?rest_route=%2Fwp%2Fv2%2Fmedia&parent=929"}],"curies":[{"name":"wp","href":"https:\/\/api.w.org\/{rel}","templated":true}]}}